
What is -3505 (base 9) in base 7?
-10400
Convert 258b4 (base 13) to base 8.
207746
What is -444 (base 16) in base 5?
-13332
Convert 676 (base 10) to base 2.
1010100100
Convert 14523 (base 14) to base 4.
30103203
Convert 22747 (base 10) to base 12.
111b7
286a (base 13) to base 4
1123022
-1100011 (base 2) to base 11
-90
-43a (base 11) to base 2
-1000001111
11130222 (base 4) to base 3
1010121110
Convert 371b (base 13) to base 8.
17166
-2084 (base 13) to base 14
-18d8
Convert -344 (base 6) to base 16.
-88
What is -1d1e (base 16) in base 3?
-101020002
Convert -24212 (base 7) to base 15.
-1cdb
-4939 (base 11) to base 16
-1937
Convert -1101100 (base 2) to base 8.
-154
What is -4141 (base 5) in base 13?
-330
What is -652 (base 11) in base 8?
-1417
b28 (base 13) to base 14
993
Convert -1606 (base 7) to base 8.
-1203
1111001101010 (base 2) to base 16
1e6a
-113243 (base 5) to base 13
-1bac
What is -16511 (base 7) in base 5?
-122322
2f8 (base 16) to base 12
534
What is -2484 (base 12) in base 13?
-1b5b
-29 (base 15) to base 6
-103
Convert -501 (base 8) to base 15.
-166
-3608 (base 12) to base 13
-29ab
-10450 (base 6) to base 14
-770
What is -19c (base 15) in base 14?
-1c8
What is -461 (base 14) in base 15?
-3ce
What is -3222 (base 4) in base 6?
-1030
Convert -1020021 (base 3) to base 10.
-898
What is 35243 (base 6) in base 3?
20221200
Convert 18d (base 14) to base 11.
272
What is -615 (base 8) in base 9?
-481
210211120 (base 3) to base 8
37056
Convert 11172 (base 11) to base 16.
3f2c
What is -1704 (base 9) in base 2?
-10100010100
-2403320 (base 5) to base 2
-1010110010110010
What is -3524 (base 7) in base 5?
-20132
Convert 2067 (base 12) to base 16.
dcf
-b9 (base 16) to base 9
-225
Convert 108c8 (base 15) to base 4.
30312011
What is -1731 (base 12) in base 15?
-c4d
Convert -1011001110 (base 2) to base 6.
-3154
What is 4ba (base 12) in base 11?
5a3
What is -142 (base 14) in base 10?
-254
What is 1011100111 (base 2) in base 6?
3235
-102103032 (base 4) to base 14
-1d462
What is 11101100 (base 3) in base 15?
e30
Convert -60b0 (base 15) to base 8.
-47677
What is 111100111000010 (base 2) in base 10?
31170
Convert -2ab1 (base 12) to base 6.
-35141
73c (base 14) to base 8
2622
Convert 45352 (base 10) to base 7.
246136
-2382 (base 15) to base 13
-3587
Convert -1040 (base 9) to base 11.
-636
What is -2122120120 (base 3) in base 4?
-30233103
What is -c67 (base 15) in base 10?
-2797
Convert -1100202122 (base 3) to base 11.
-19155
Convert 50b (base 16) to base 7.
3523
-768 (base 9) to base 7
-1556
Convert 110100001111 (base 2) to base 14.
130b
What is -2280 (base 12) in base 2?
-111100000000
Convert -1010000000 (base 2) to base 11.
-532
Convert 101100001011 (base 2) to base 3.
10212201
Convert 11 (base 14) to base 8.
17
Convert -5633 (base 11) to base 12.
-4361
7942 (base 15) to base 7
134651
Convert 4970 (base 10) to base 11.
3809
14242 (base 5) to base 14
617
Convert 7442 (base 8) to base 15.
1234
-1211001 (base 3) to base 11
-aa4
What is 16053 (base 7) in base 6?
32453
-9587 (base 12) to base 11
-11337
Convert 1c27 (base 13) to base 8.
10242
Convert -186e (base 15) to base 16.
-149f
-6056 (base 12) to base 6
-120150
What is -1141 (base 10) in base 5?
-14031
What is -108b1 (base 14) in base 4?
-21303023
1405052 (base 6) to base 10
78872
26ba (base 12) to base 5
120322
551 (base 11) to base 4
22111
What is -3913 (base 11) in base 2?
-1001111101000
-186 (base 15) to base 10
-351
Convert -444d (base 16) to base 4.
-10101031
Convert -718 (base 14) to base 4.
-111302
What is 10010011010001 (base 2) in base 4?
2103101
What is -2889 (base 12) in base 9?
-6416
-109 (base 15) to base 14
-12a
-17222 (base 9) to base 2
-10111001000110
What is -209 (base 13) in base 14?
-1ab
Convert 205535 (base 7) to base 13.
13286
Convert 3215 (base 9) to base 11.
1859
Convert 3259 (base 11) to base 2.
1000011001011
What is -1112 (base 5) in base 12?
-111
Convert -2143 (base 6) to base 14.
-275
What is 570 (base 10) in base 15?
280
Convert -2a05 (base 11) to base 16.
-f25
-12001 (base 3) to base 16
-88
What is 13b7 (base 12) in base 9?
3134
-1000100010 (base 2) to base 14
-2b0
What is -120032 (base 4) in base 13?
-923
12230 (base 12) to base 6
305300
Convert 111110001 (base 2) to base 13.
2c3
Convert 2020021 (base 3) to base 5.
23002
-620 (base 11) to base 16
-2ec
-100221 (base 3) to base 11
-224
Convert 476 (base 15) to base 8.
1763
Convert -101000001 (base 2) to base 16.
-141
What is -33022 (base 5) in base 10?
-2262
Convert 1121201 (base 3) to base 16.
49c
-1022011021 (base 3) to base 8
-62036
3217 (base 8) to base 3
2022012
What is -10021131 (base 4) in base 2?
-100001001011101
What is -293 (base 10) in base 4?
-10211
1a85 (base 13) to base 2
111110011100
1534 (base 10) to base 3
2002211
Convert -222200200 (base 3) to base 10.
-19458
What is -341 (base 16) in base 12?
-595
Convert -665 (base 15) to base 10.
-1445
Convert 6242 (base 9) to base 8.
10736
Convert -7491 (base 13) to base 6.
-202513
-b7 (base 14) to base 6
-425
What is 174451 (base 8) in base 10?
63785
Convert -396 (base 15) to base 10.
-816
Convert -2001232 (base 4) to base 10.
-8302
What is -332 (base 9) in base 13?
-17c
-1015103 (base 6) to base 7
-263031
854a (base 12) to base 3
202000211
240343 (base 5) to base 15
294d
What is 883a (base 12) in base 3?
202121101
Convert 15 (base 9) to base 10.
14
Convert 1211202111 (base 3) to base 2.
1000110110110010
-3603 (base 9) to base 5
-41201
d26 (base 15) to base 10
2961
-1100101 (base 3) to base 7
-2602
1460 (base 10) to base 11
1108
-1110000 (base 3) to base 8
-2035
Convert 1766 (base 14) to base 5.
113311
Convert -21021022 (base 3) to base 14.
-1d08
Convert -111100001 (base 2) to base 11.
-3a8
-15279 (base 12) to base 10
-29757
-c23 (base 14) to base 13
-1114
Convert -847 (base 10) to base 6.
-3531
What is 1572 (base 10) in base 7?
4404
What is 9896 (base 10) in base 7?
40565
1343312 (base 5) to base 15
843c
What is 100456 (base 8) in base 14?
c0a2
Convert -15b5a (base 12) to base 14.
-b446
Convert 73 (base 16) to base 7.
223
Convert 13200 (base 7) to base 3.
11211200
Convert 4045 (base 6) to base 11.
742
Convert 67b (base 14) to base 16.
505
Convert -14626 (base 9) to base 10.
-9987
What is -254 (base 14) in base 12?
-32a
Convert -28ab (base 12) to base 4.
-1022003
What is 342032 (base 5) in base 15?
38e7
What is 1366 (base 10) in base 14?
6d8
What is -2133 (base 6) in base 10?
-489
43001 (base 5) to base 13
1403
What is -165 (base 12) in base 9?
-265
4433 (base 6) to base 10
1029
Convert -230101 (base 4) to base 14.
-1065
-10e (base 16) to base 12
-1a6
What is 8d (base 14) in base 16?
7d
What is 31431 (base 8) in base 10?
13081
-7894 (base 12) to base 11
-a046
What is -1010202022 (base 3) in base 10?
-22418
-229 (base 12) to base 7
-636
What is 1545 (base 9) in base 8?
2227
Convert 101000 (base 3) to base 14.
154
What is 25562 (base 12) in base 5?
3112111
-4402232 (base 5) to base 11
-51650
What is -2913 (base 10) in base 9?
-3886
Convert -12521 (base 9) to base 5.
-232233
What is 21004 (base 8) in base 6?
104152
-675 (base 11) to base 15
-38d
What is -63465 (base 10) in base 5?
-4012330
Convert -432230 (base 5) to base 4.
-3211202
Convert -100000101 (base 2) to base 5.
-2021
What is 3003 (base 5) in base 13?
231
222110 (base 3) to base 5
10324
1555 (base 6) to base 8
657
10010010000 (base 2) to base 6
5224
What is 10001010000000 (base 2) in base 10?
8832
What is -450 (base 7) in base 2?
-11100111
What is 100204 (base 5) in base 10?
3179
What is 435 (base 9) in base 11?
2a4
Convert 402 (base 14) to base 2.
1100010010
What is b9 (base 15) in base 10?
174
Convert 14a (base 14) to base 4.
10012
What is 372 (base 16) in base 13?
52b
-1576 (base 9) to base 5
-14303
Convert 9986 (base 13) to base 10.
21404
Convert -1366 (base 7) to base 9.
-657
242 (base 13) to base 15
1b2
-615 (base 11) to base 7
-2110
-882f (base 16) to base 12
-18213
What is -540 (base 13) in base 11?
-746
-13454 (base 6) to base 8
-4112
-545a (base 12) to base 8
-22106
Convert 45046 (base 7) to base 16.
2c59
Convert -2140 (base 5) to base 3.
-101221
What is 31001 (base 5) in base 4?
133101
What is 5343 (base 15) in base 9?
26140
12004 (base 6) to base 4
123010
Convert 19a87 (base 11) to base 7.
144262
-19b